{"id":772,"date":"2022-03-21T23:14:01","date_gmt":"2022-03-22T02:14:01","guid":{"rendered":"https:\/\/dialogosinternacionais.com.br\/?page_id=772"},"modified":"2026-01-15T01:29:40","modified_gmt":"2026-01-15T04:29:40","slug":"apresentacao","status":"publish","type":"page","link":"https:\/\/dialogosinternacionais.com.br\/?page_id=772","title":{"rendered":"Apresenta\u00e7\u00e3o"},"content":{"rendered":"<p>A\u00a0<strong>Di\u00e1logos Internacionais (ISSN 2596-2353), B2 pelo Qualis 2021-2024<\/strong>, \u00e9 uma revista online, mensal de Rela\u00e7\u00f5es Internacionais, Defesa e Economia Pol\u00edtica Internacional, que tem o objetivo de publicar artigos cient\u00edficos e de an\u00e1lise da conjuntura, discutindo temas da atualidade e da hist\u00f3ria, com foco principal, ainda que n\u00e3o exclusivo, na cena internacional. Desde 2014, quando lan\u00e7amos o primeiro n\u00famero, nossa motiva\u00e7\u00e3o tem sido ampliar o debate, o exerc\u00edcio da escrita, da reflex\u00e3o e da cr\u00edtica. Nosso objetivo \u00e9 compartilhar ideias e opini\u00f5es, pesquisas e experi\u00eancias, dados e informa\u00e7\u00f5es. Inicialmente uma iniciativa discente do curso de P\u00f3s-Gradua\u00e7\u00e3o Stricto Sensu em Economia Pol\u00edtica Internacional da Universidade Federal do Rio de Janeiro (UFRJ), ganhamos a ades\u00e3o de diversos pesquisadores de programas nacionais e internacionais. Em 2019 passamos a contar com o apoio do Instituto de Rela\u00e7\u00f5es Internacionais e Defesa (IRID) da UFRJ. S\u00e3o dez anos que estamos juntos no que escolhemos, no di\u00e1logo, no livre pensar, na amplitude de opini\u00e3o, de posi\u00e7\u00e3o, de oposi\u00e7\u00e3o, de pensamento cr\u00edtico e de cr\u00edtica ao pensamento imposto. A palavra est\u00e1 sempre aberta. Di\u00e1logos Internacionais \u00e9, portanto, uma revista de divulga\u00e7\u00e3o cient\u00edfica de total responsabilidade de seus autores. O nosso desejo \u00e9 dividir e multiplicar ideias, conhecimentos e informa\u00e7\u00f5es.<\/p>\n<p style=\"text-align: right;\"><em><strong>Editores-chefes<\/strong><\/em><br \/>\n<em>Glauber Cardoso Carvalho<\/em><br \/>\n<em>Larissa Rosevics<\/em><\/p>\n<style>\/*! elementor - v3.6.5 - 27-04-2022 *\/<br \/>\n.elementor-heading-title{padding:0;margin:0;line-height:1}.elementor-widget-heading .elementor-heading-title[class*=elementor-size-]>a{color:inherit;font-size:inherit;line-height:inherit}.elementor-widget-heading .elementor-heading-title.elementor-size-small{font-size:15px}.elementor-widget-heading .elementor-heading-title.elementor-size-medium{font-size:19px}.elementor-widget-heading .elementor-heading-title.elementor-size-large{font-size:29px}.elementor-widget-heading .elementor-heading-title.elementor-size-xl{font-size:39px}.elementor-widget-heading .elementor-heading-title.elementor-size-xxl{font-size:59px}<\/style>\n<h2>Hist\u00f3ria<\/h2>\n<p>Primeira logo<\/p>\n<style>\/*! elementor - v3.6.5 - 27-04-2022 *\/<br \/>\n.elementor-widget-image{text-align:center}.elementor-widget-image a{display:inline-block}.elementor-widget-image a img[src$=\".svg\"]{width:48px}.elementor-widget-image img{vertical-align:middle;display:inline-block}<\/style>\n<p><img decoding=\"async\" src=\"https:\/\/dialogosinternacionais.com.br\/wp-content\/uploads\/2022\/05\/iconep.png\" alt=\"\" width=\"152\" height=\"134\" \/><\/p>\n<p>Primeiro banner<\/p>\n<p><img fetchpriority=\"high\" decoding=\"async\" src=\"https:\/\/dialogosinternacionais.com.br\/wp-content\/uploads\/2022\/05\/dialogos.png\" sizes=\"(max-width: 640px) 100vw, 640px\" srcset=\"https:\/\/dialogosinternacionais.com.br\/wp-content\/uploads\/2022\/05\/dialogos.png 970w, https:\/\/dialogosinternacionais.com.br\/wp-content\/uploads\/2022\/05\/dialogos-300x46.png 300w, https:\/\/dialogosinternacionais.com.br\/wp-content\/uploads\/2022\/05\/dialogos-768x118.png 768w\" alt=\"\" width=\"640\" height=\"98\" \/><\/p>\n<p>Primeiro texto<\/p>\n<p><img decoding=\"async\" src=\"https:\/\/dialogosinternacionais.com.br\/wp-content\/uploads\/2022\/05\/Primeiro-Post-1024x786.png\" sizes=\"(max-width: 640px) 100vw, 640px\" srcset=\"https:\/\/dialogosinternacionais.com.br\/wp-content\/uploads\/2022\/05\/Primeiro-Post-1024x786.png 1024w, https:\/\/dialogosinternacionais.com.br\/wp-content\/uploads\/2022\/05\/Primeiro-Post-300x230.png 300w, https:\/\/dialogosinternacionais.com.br\/wp-content\/uploads\/2022\/05\/Primeiro-Post-768x590.png 768w, https:\/\/dialogosinternacionais.com.br\/wp-content\/uploads\/2022\/05\/Primeiro-Post.png 1030w\" alt=\"\" width=\"640\" height=\"491\" \/><\/p>\n<h2>Livro<\/h2>\n<p>Entre 2014 e 2017, foram publicados 134 textos de mais de 28 autores diferentes no ent\u00e3o Blog Di\u00e1logos Internacionais. Os textos produzidos por pesquisadores mestrandos e doutorandos, passaram a ser citados em trabalhos acad\u00eamicos, o que nos levou consolidar tais publica\u00e7\u00f5es no livro &#8220;Di\u00e1logos Internacionais: reflex\u00f5es cr\u00edticas do Mundo Contempor\u00e2neo&#8221;, Editora Perse, 2017.<\/p>\n<p>O livro est\u00e1 dispon\u00edvel gratuitamente no site.<\/p>\n<p><a href=\"https:\/\/dialogosinternacionais.com.br\/wp-content\/uploads\/2022\/05\/Capa-DI_site.png\" data-elementor-open-lightbox=\"yes\" data-elementor-lightbox-title=\"Capa_livro\"><br \/>\n<img loading=\"lazy\" decoding=\"async\" src=\"https:\/\/dialogosinternacionais.com.br\/wp-content\/uploads\/2022\/05\/Capa-DI_site.png\" sizes=\"(max-width: 293px) 100vw, 293px\" srcset=\"https:\/\/dialogosinternacionais.com.br\/wp-content\/uploads\/2022\/05\/Capa-DI_site.png 293w, https:\/\/dialogosinternacionais.com.br\/wp-content\/uploads\/2022\/05\/Capa-DI_site-220x300.png 220w\" alt=\"\" width=\"293\" height=\"400\" \/> <\/a><\/p>\n<h2>Revista Online<\/h2>\n<p>A qualidade e repercu\u00e7\u00e3o dos textos possibilitaram que em 2018 um pr\u00f3ximo passo fosse dado, transformando a Di\u00e1logos Internacionais em uma revista de divulga\u00e7\u00e3o cient\u00edfica, voltada para publica\u00e7\u00f5es de pesquisadores de gradua\u00e7\u00e3o, mestrado, doutorado e de professores das \u00e1reas de Rela\u00e7\u00f5es Internacionais, Defesa e Economia Pol\u00edtica Internacional. Assim, a revista continua o legado de ampliar o debate, de exerc\u00edcio da escrita, da reflex\u00e3o e da cr\u00edtica.<\/p>\n<p>Na Di\u00e1logos Internacionais \u00e9 poss\u00edvel encontrar textos de pesquisadores de todo o Brasil e, em especial do Rio de Janeiro, como UFRRJ, UERJ, UFF e UFRJ. Com o apoio do Instituto de Rela\u00e7\u00f5es Internacionais e Defesa (IRID) da UFRJ, pretendemos ampliar a divulga\u00e7\u00e3o dos trabalhos de inicia\u00e7\u00e3o cient\u00edfica dos estudantes das gradua\u00e7\u00f5es de Rela\u00e7\u00f5es Internacionais e de Defesa e Gest\u00e3o Estrat\u00e9gica Internacional.<\/p>\n<p><strong>Identidade visual:<\/strong> Bruno Almeida<\/p>\n<p><strong>Desenvolvedora do site:<\/strong> Karen Pacheco<\/p>\n","protected":false},"excerpt":{"rendered":"<p>A\u00a0Di\u00e1logos Internacionais (ISSN 2596-2353), B2 pelo Qualis 2021-2024, \u00e9 uma revista online, mensal<\/p>\n","protected":false},"author":1,"featured_media":1575,"parent":0,"menu_order":0,"comment_status":"closed","ping_status":"closed","template":"","meta":{"footnotes":""},"class_list":["post-772","page","type-page","status-publish","has-post-thumbnail","hentry"],"_links":{"self":[{"href":"https:\/\/dialogosinternacionais.com.br\/index.php?rest_route=\/wp\/v2\/pages\/772","targetHints":{"allow":["GET"]}}],"collection":[{"href":"https:\/\/dialogosinternacionais.com.br\/index.php?rest_route=\/wp\/v2\/pages"}],"about":[{"href":"https:\/\/dialogosinternacionais.com.br\/index.php?rest_route=\/wp\/v2\/types\/page"}],"author":[{"embeddable":true,"href":"https:\/\/dialogosinternacionais.com.br\/index.php?rest_route=\/wp\/v2\/users\/1"}],"replies":[{"embeddable":true,"href":"https:\/\/dialogosinternacionais.com.br\/index.php?rest_route=%2Fwp%2Fv2%2Fcomments&post=772"}],"version-history":[{"count":85,"href":"https:\/\/dialogosinternacionais.com.br\/index.php?rest_route=\/wp\/v2\/pages\/772\/revisions"}],"predecessor-version":[{"id":3447,"href":"https:\/\/dialogosinternacionais.com.br\/index.php?rest_route=\/wp\/v2\/pages\/772\/revisions\/3447"}],"wp:featuredmedia":[{"embeddable":true,"href":"https:\/\/dialogosinternacionais.com.br\/index.php?rest_route=\/wp\/v2\/media\/1575"}],"wp:attachment":[{"href":"https:\/\/dialogosinternacionais.com.br\/index.php?rest_route=%2Fwp%2Fv2%2Fmedia&parent=772"}],"curies":[{"name":"wp","href":"https:\/\/api.w.org\/{rel}","templated":true}]}}

Apresentação

<p>A <strong>Diálogos Internacionais (ISSN 2596-2353), B2 pelo Qualis 2021-2024</strong>, é uma revista online, mensal de Relações Internacionais, Defesa e Economia Política Internacional, que tem o objetivo de publicar artigos científicos e de análise da conjuntura, discutindo temas da atualidade e da história, com foco principal, ainda que não exclusivo, na cena internacional. Desde 2014, quando lançamos o primeiro número, nossa motivação tem sido ampliar o debate, o exercício da escrita, da reflexão e da crítica. Nosso objetivo é compartilhar ideias e opiniões, pesquisas e experiências, dados e informações. Inicialmente uma iniciativa discente do curso de Pós-Graduação Stricto Sensu em Economia Política Internacional da Universidade Federal do Rio de Janeiro (UFRJ), ganhamos a adesão de diversos pesquisadores de programas nacionais e internacionais. Em 2019 passamos a contar com o apoio do Instituto de Relações Internacionais e Defesa (IRID) da UFRJ. São dez anos que estamos juntos no que escolhemos, no diálogo, no livre pensar, na amplitude de opinião, de posição, de oposição, de pensamento crítico e de crítica ao pensamento imposto. A palavra está sempre aberta. Diálogos Internacionais é, portanto, uma revista de divulgação científica de total responsabilidade de seus autores. O nosso desejo é dividir e multiplicar ideias, conhecimentos e informações.</p>
<p style="text-align: right;"><em><strong>Editores-chefes</strong></em><br />
<em>Glauber Cardoso Carvalho</em><br />
<em>Larissa Rosevics</em></p>
<style>/*! elementor - v3.6.5 - 27-04-2022 */<br />
.elementor-heading-title{padding:0;margin:0;line-height:1}.elementor-widget-heading .elementor-heading-title[class*=elementor-size-]>a{color:inherit;font-size:inherit;line-height:inherit}.elementor-widget-heading .elementor-heading-title.elementor-size-small{font-size:15px}.elementor-widget-heading .elementor-heading-title.elementor-size-medium{font-size:19px}.elementor-widget-heading .elementor-heading-title.elementor-size-large{font-size:29px}.elementor-widget-heading .elementor-heading-title.elementor-size-xl{font-size:39px}.elementor-widget-heading .elementor-heading-title.elementor-size-xxl{font-size:59px}</style>
<h2>História</h2>
<p>Primeira logo</p>
<style>/*! elementor - v3.6.5 - 27-04-2022 */<br />
.elementor-widget-image{text-align:center}.elementor-widget-image a{display:inline-block}.elementor-widget-image a img[src$=".svg"]{width:48px}.elementor-widget-image img{vertical-align:middle;display:inline-block}</style>
<p><img decoding="async" src="https://dialogosinternacionais.com.br/wp-content/uploads/2022/05/iconep.png" alt="" width="152" height="134" /></p>
<p>Primeiro banner</p>
<p><img fetchpriority="high" decoding="async" src="https://dialogosinternacionais.com.br/wp-content/uploads/2022/05/dialogos.png" sizes="(max-width: 640px) 100vw, 640px" srcset="https://dialogosinternacionais.com.br/wp-content/uploads/2022/05/dialogos.png 970w, https://dialogosinternacionais.com.br/wp-content/uploads/2022/05/dialogos-300x46.png 300w, https://dialogosinternacionais.com.br/wp-content/uploads/2022/05/dialogos-768x118.png 768w" alt="" width="640" height="98" /></p>
<p>Primeiro texto</p>
<p><img decoding="async" src="https://dialogosinternacionais.com.br/wp-content/uploads/2022/05/Primeiro-Post-1024x786.png" sizes="(max-width: 640px) 100vw, 640px" srcset="https://dialogosinternacionais.com.br/wp-content/uploads/2022/05/Primeiro-Post-1024x786.png 1024w, https://dialogosinternacionais.com.br/wp-content/uploads/2022/05/Primeiro-Post-300x230.png 300w, https://dialogosinternacionais.com.br/wp-content/uploads/2022/05/Primeiro-Post-768x590.png 768w, https://dialogosinternacionais.com.br/wp-content/uploads/2022/05/Primeiro-Post.png 1030w" alt="" width="640" height="491" /></p>
<h2>Livro</h2>
<p>Entre 2014 e 2017, foram publicados 134 textos de mais de 28 autores diferentes no então Blog Diálogos Internacionais. Os textos produzidos por pesquisadores mestrandos e doutorandos, passaram a ser citados em trabalhos acadêmicos, o que nos levou consolidar tais publicações no livro &#8220;Diálogos Internacionais: reflexões críticas do Mundo Contemporâneo&#8221;, Editora Perse, 2017.</p>
<p>O livro está disponível gratuitamente no site.</p>
<p><a href="https://dialogosinternacionais.com.br/wp-content/uploads/2022/05/Capa-DI_site.png" data-elementor-open-lightbox="yes" data-elementor-lightbox-title="Capa_livro"><br />
<img loading="lazy" decoding="async" src="https://dialogosinternacionais.com.br/wp-content/uploads/2022/05/Capa-DI_site.png" sizes="(max-width: 293px) 100vw, 293px" srcset="https://dialogosinternacionais.com.br/wp-content/uploads/2022/05/Capa-DI_site.png 293w, https://dialogosinternacionais.com.br/wp-content/uploads/2022/05/Capa-DI_site-220x300.png 220w" alt="" width="293" height="400" /> </a></p>
<h2>Revista Online</h2>
<p>A qualidade e repercução dos textos possibilitaram que em 2018 um próximo passo fosse dado, transformando a Diálogos Internacionais em uma revista de divulgação científica, voltada para publicações de pesquisadores de graduação, mestrado, doutorado e de professores das áreas de Relações Internacionais, Defesa e Economia Política Internacional. Assim, a revista continua o legado de ampliar o debate, de exercício da escrita, da reflexão e da crítica.</p>
<p>Na Diálogos Internacionais é possível encontrar textos de pesquisadores de todo o Brasil e, em especial do Rio de Janeiro, como UFRRJ, UERJ, UFF e UFRJ. Com o apoio do Instituto de Relações Internacionais e Defesa (IRID) da UFRJ, pretendemos ampliar a divulgação dos trabalhos de iniciação científica dos estudantes das graduações de Relações Internacionais e de Defesa e Gestão Estratégica Internacional.</p>
<p><strong>Identidade visual:</strong> Bruno Almeida</p>
<p><strong>Desenvolvedora do site:</strong> Karen Pacheco</p>

<p>A Diálogos Internacionais (ISSN 2596-2353), B2 pelo Qualis 2021-2024, é uma revista online, mensal</p>
