{"id":783,"date":"2022-03-22T01:34:57","date_gmt":"2022-03-22T04:34:57","guid":{"rendered":"https:\/\/dialogosinternacionais.com.br\/?page_id=783"},"modified":"2024-11-04T00:37:57","modified_gmt":"2024-11-04T03:37:57","slug":"expediente","status":"publish","type":"page","link":"https:\/\/dialogosinternacionais.com.br\/?page_id=783","title":{"rendered":"Conselho Editorial"},"content":{"rendered":"<p><strong>Daniele Dionisio &#8211; IRID |\u00a0<a href=\"http:\/\/lattes.cnpq.br\/7653661138184083\">Curr\u00edculo Lattes<\/a><\/strong><\/p>\n<p><strong>Fernanda Nanci Gon\u00e7alves &#8211; UERJ | <a href=\"http:\/\/lattes.cnpq.br\/7532621505338615\">Curr\u00edculo Lattes<\/a><\/strong><\/p>\n<p><strong>Edilson Nunes dos Santos Junior &#8211; UFF | <a href=\"http:\/\/lattes.cnpq.br\/7567517972035972\">Curr\u00edculo Lattes<\/a><\/strong><\/p>\n<p><strong>Flavia Guerra &#8211; IRID |\u00a0<a href=\"http:\/\/lattes.cnpq.br\/5315712563619608\">Curr\u00edculo Lattes<\/a><\/strong><\/p>\n<p><strong>Glauber Cardoso Carvalho &#8211; UFRR | <a href=\"http:\/\/lattes.cnpq.br\/4700677240167902\">Curr\u00edculo Lattes<\/a><\/strong><\/p>\n<p><strong>Henrique Paiva &#8211; IRID |\u00a0<a href=\"http:\/\/lattes.cnpq.br\/2534634380248781\">Curr\u00edculo Lattes<\/a><\/strong><\/p>\n<p><strong>Larissa Rosevics &#8211; IRID |\u00a0<a href=\"http:\/\/lattes.cnpq.br\/9517561521265371\">Curr\u00edculo Lattes<\/a><\/strong><\/p>\n<p><strong>Leonardo Valente &#8211; IRID |\u00a0<a href=\"http:\/\/lattes.cnpq.br\/4674190159284172\">Curr\u00edculo Lattes<\/a><\/strong><\/p>\n<p><strong>Leonardo Granato &#8211; UFRGS |\u00a0<a href=\"http:\/\/lattes.cnpq.br\/4898022507881895\">Curr\u00edculo Lattes<\/a><\/strong><\/p>\n<p><strong>Luiz Felipe Brand\u00e3o Os\u00f3rio &#8211; UFRRJ |\u00a0<a href=\"http:\/\/lattes.cnpq.br\/3301439900215530\">Curr\u00edculo Lattes<\/a><\/strong><\/p>\n<p><strong>Nahuel Oddone &#8211; CEPAL |\u00a0<a href=\"https:\/\/eclac.academia.edu\/NahuelOddone\/CurriculumVitae\">Curriculum Vitae<\/a><\/strong><\/p>\n<p><strong>Patr\u00edcia Nasser de Carvalho &#8211; UFMG |\u00a0<a href=\"http:\/\/lattes.cnpq.br\/3394388400216373\">Curr\u00edculo Lattes<\/a><\/strong><\/p>\n<p><strong>Sandra Becker &#8211; IRID | <a href=\"http:\/\/lattes.cnpq.br\/3742198562336580\">Curr\u00edculo Lattes<\/a><\/strong><\/p>\n<p><strong>Thauan Santos &#8211; EGN |\u00a0<a href=\"http:\/\/lattes.cnpq.br\/9144501805319886\">Curr\u00edculo Lattes<\/a><\/strong><\/p>\n<p><strong>Vicente Gil &#8211; IRID | <a href=\"http:\/\/lattes.cnpq.br\/6573456308744079\">Curr\u00edculo Lattes<\/a><\/strong><\/p>\n<p><strong>Revista Di\u00e1logos Internacionais<\/strong><br \/>\nOn Line | Divulga\u00e7\u00e3o cient\u00edfica em RI, Defesa e EPI<\/p>\n<p><strong>Periodicidade:<\/strong> Mensal<br \/>\n<strong>Submiss\u00e3o:<\/strong> Fluxo Cont\u00ednuo<\/p>\n<p><strong>Secretaria:<\/strong> dialogosinternacionais@gmail.com<\/p>\n<p><strong>Instituto de Rela\u00e7\u00f5es Internacionais e Defesa &#8211; IRID<\/strong><br \/>\nAvenida Pasteur 250, fundos, Campus da Praia Vermelha.<br \/>\nCEP 22290- 902, Rio de Janeiro\/RJ &#8211; Brasil<br \/>\nTelefones: 55 21 3938-5216, 3938-5218<\/p>\n","protected":false},"excerpt":{"rendered":"<p>Daniele Dionisio &#8211; IRID |\u00a0Curr\u00edculo Lattes Fernanda Nanci Gon\u00e7alves &#8211; UERJ | Curr\u00edculo<\/p>\n","protected":false},"author":1,"featured_media":0,"parent":0,"menu_order":0,"comment_status":"closed","ping_status":"closed","template":"","meta":{"footnotes":""},"class_list":["post-783","page","type-page","status-publish","hentry"],"_links":{"self":[{"href":"https:\/\/dialogosinternacionais.com.br\/index.php?rest_route=\/wp\/v2\/pages\/783","targetHints":{"allow":["GET"]}}],"collection":[{"href":"https:\/\/dialogosinternacionais.com.br\/index.php?rest_route=\/wp\/v2\/pages"}],"about":[{"href":"https:\/\/dialogosinternacionais.com.br\/index.php?rest_route=\/wp\/v2\/types\/page"}],"author":[{"embeddable":true,"href":"https:\/\/dialogosinternacionais.com.br\/index.php?rest_route=\/wp\/v2\/users\/1"}],"replies":[{"embeddable":true,"href":"https:\/\/dialogosinternacionais.com.br\/index.php?rest_route=%2Fwp%2Fv2%2Fcomments&post=783"}],"version-history":[{"count":52,"href":"https:\/\/dialogosinternacionais.com.br\/index.php?rest_route=\/wp\/v2\/pages\/783\/revisions"}],"predecessor-version":[{"id":3281,"href":"https:\/\/dialogosinternacionais.com.br\/index.php?rest_route=\/wp\/v2\/pages\/783\/revisions\/3281"}],"wp:attachment":[{"href":"https:\/\/dialogosinternacionais.com.br\/index.php?rest_route=%2Fwp%2Fv2%2Fmedia&parent=783"}],"curies":[{"name":"wp","href":"https:\/\/api.w.org\/{rel}","templated":true}]}}

<p><strong>Daniele Dionisio &#8211; IRID | <a href="http://lattes.cnpq.br/7653661138184083">Currículo Lattes</a></strong></p>
<p><strong>Fernanda Nanci Gonçalves &#8211; UERJ | <a href="http://lattes.cnpq.br/7532621505338615">Currículo Lattes</a></strong></p>
<p><strong>Edilson Nunes dos Santos Junior &#8211; UFF | <a href="http://lattes.cnpq.br/7567517972035972">Currículo Lattes</a></strong></p>
<p><strong>Flavia Guerra &#8211; IRID | <a href="http://lattes.cnpq.br/5315712563619608">Currículo Lattes</a></strong></p>
<p><strong>Glauber Cardoso Carvalho &#8211; UFRR | <a href="http://lattes.cnpq.br/4700677240167902">Currículo Lattes</a></strong></p>
<p><strong>Henrique Paiva &#8211; IRID | <a href="http://lattes.cnpq.br/2534634380248781">Currículo Lattes</a></strong></p>
<p><strong>Larissa Rosevics &#8211; IRID | <a href="http://lattes.cnpq.br/9517561521265371">Currículo Lattes</a></strong></p>
<p><strong>Leonardo Valente &#8211; IRID | <a href="http://lattes.cnpq.br/4674190159284172">Currículo Lattes</a></strong></p>
<p><strong>Leonardo Granato &#8211; UFRGS | <a href="http://lattes.cnpq.br/4898022507881895">Currículo Lattes</a></strong></p>
<p><strong>Luiz Felipe Brandão Osório &#8211; UFRRJ | <a href="http://lattes.cnpq.br/3301439900215530">Currículo Lattes</a></strong></p>
<p><strong>Nahuel Oddone &#8211; CEPAL | <a href="https://eclac.academia.edu/NahuelOddone/CurriculumVitae">Curriculum Vitae</a></strong></p>
<p><strong>Patrícia Nasser de Carvalho &#8211; UFMG | <a href="http://lattes.cnpq.br/3394388400216373">Currículo Lattes</a></strong></p>
<p><strong>Sandra Becker &#8211; IRID | <a href="http://lattes.cnpq.br/3742198562336580">Currículo Lattes</a></strong></p>
<p><strong>Thauan Santos &#8211; EGN | <a href="http://lattes.cnpq.br/9144501805319886">Currículo Lattes</a></strong></p>
<p><strong>Vicente Gil &#8211; IRID | <a href="http://lattes.cnpq.br/6573456308744079">Currículo Lattes</a></strong></p>
<p><strong>Revista Diálogos Internacionais</strong><br />
On Line | Divulgação científica em RI, Defesa e EPI</p>
<p><strong>Periodicidade:</strong> Mensal<br />
<strong>Submissão:</strong> Fluxo Contínuo</p>
<p><strong>Secretaria:</strong> dialogosinternacionais@gmail.com</p>
<p><strong>Instituto de Relações Internacionais e Defesa &#8211; IRID</strong><br />
Avenida Pasteur 250, fundos, Campus da Praia Vermelha.<br />
CEP 22290- 902, Rio de Janeiro/RJ &#8211; Brasil<br />
Telefones: 55 21 3938-5216, 3938-5218</p>

<p>Daniele Dionisio &#8211; IRID | Currículo Lattes Fernanda Nanci Gonçalves &#8211; UERJ | Currículo</p>
