{"id":784,"date":"2022-03-22T01:34:57","date_gmt":"2022-03-22T04:34:57","guid":{"rendered":"https:\/\/dialogosinternacionais.com.br\/?page_id=784"},"modified":"2022-04-21T14:36:29","modified_gmt":"2022-04-21T17:36:29","slug":"livro","status":"publish","type":"page","link":"https:\/\/dialogosinternacionais.com.br\/?page_id=784","title":{"rendered":"Livro"},"content":{"rendered":"\t\t<div data-elementor-type=\"wp-page\" data-elementor-id=\"784\" class=\"elementor elementor-784\">\n\t\t\t\t\t\t<section class=\"elementor-section elementor-top-section elementor-element elementor-element-3a32439 elementor-section-boxed elementor-section-height-default elementor-section-height-default\" data-id=\"3a32439\" data-element_type=\"section\">\n\t\t\t\t\t\t<div class=\"elementor-container elementor-column-gap-default\">\n\t\t\t\t\t<div class=\"elementor-column elementor-col-100 elementor-top-column elementor-element elementor-element-2c0912e\" data-id=\"2c0912e\" data-element_type=\"column\">\n\t\t\t<div class=\"elementor-widget-wrap elementor-element-populated\">\n\t\t\t\t\t\t<div class=\"elementor-element elementor-element-386b005 elementor-widget elementor-widget-image\" data-id=\"386b005\" data-element_type=\"widget\" data-widget_type=\"image.default\">\n\t\t\t\t<div class=\"elementor-widget-container\">\n\t\t\t\t\t\t\t\t\t\t\t\t\t\t\t<img fetchpriority=\"high\" decoding=\"async\" width=\"212\" height=\"311\" src=\"https:\/\/dialogosinternacionais.com.br\/wp-content\/uploads\/2022\/04\/livro.png\" class=\"attachment-large size-large wp-image-1231\" alt=\"\" srcset=\"https:\/\/dialogosinternacionais.com.br\/wp-content\/uploads\/2022\/04\/livro.png 212w, https:\/\/dialogosinternacionais.com.br\/wp-content\/uploads\/2022\/04\/livro-205x300.png 205w\" sizes=\"(max-width: 212px) 100vw, 212px\" \/>\t\t\t\t\t\t\t\t\t\t\t\t\t\t\t<\/div>\n\t\t\t\t<\/div>\n\t\t\t\t<div class=\"elementor-element elementor-element-4922ad2 elementor-widget elementor-widget-text-editor\" data-id=\"4922ad2\" data-element_type=\"widget\" data-widget_type=\"text-editor.default\">\n\t\t\t\t<div class=\"elementor-widget-container\">\n\t\t\t\t\t\t\t\t\t<p>CARVALHO, Glauber; ROSEVICS, Larissa (org.). Di\u00e1logos Internacionais: reflex\u00f5es cr\u00edticas do mundo contempor\u00e2neo. Rio de Janeiro: Perseu, 2017.<\/p>\t\t\t\t\t\t\t\t<\/div>\n\t\t\t\t<\/div>\n\t\t\t\t<div class=\"elementor-element elementor-element-f8357cb elementor-widget elementor-widget-text-editor\" data-id=\"f8357cb\" data-element_type=\"widget\" data-widget_type=\"text-editor.default\">\n\t\t\t\t<div class=\"elementor-widget-container\">\n\t\t\t\t\t\t\t\t\t<p>O livro Di\u00e1logos Internacionais: reflex\u00f5es cr\u00edticas do mundo contempor\u00e2neo foi publicado no ano de 2017 e est\u00e1 dispon\u00edvel gratuitamente para download. Nele est\u00e3o reunidos os principais textos publicados pelo ent\u00e3o blog Di\u00e1logos Internacionais nos seus tr\u00eas primeiros anos de exist\u00eancia.<\/p>\n<p><span style=\"text-align: center;\">Faca o download da publica\u00e7\u00e3o&nbsp;<\/span><span style=\"text-align: center; font-family: var( --e-global-typography-text-font-family ), Sans-serif; font-weight: var( --e-global-typography-text-font-weight ); font-size: 1rem; letter-spacing: 0px;\">abaixo&nbsp;<\/span><span style=\"font-family: var( --e-global-typography-text-font-family ), Sans-serif; font-weight: var( --e-global-typography-text-font-weight ); font-size: 1rem; letter-spacing: 0px; text-align: center;\">(2,17Mb)<\/span><span style=\"font-family: var( --e-global-typography-text-font-family ), Sans-serif; font-size: 1rem; font-weight: var( --e-global-typography-text-font-weight ); letter-spacing: 0px; text-align: center;\">:&nbsp;<\/span><\/p>\t\t\t\t\t\t\t\t<\/div>\n\t\t\t\t<\/div>\n\t\t\t\t<div class=\"elementor-element elementor-element-cdc01d0 elementor-align-center elementor-widget elementor-widget-button\" data-id=\"cdc01d0\" data-element_type=\"widget\" data-widget_type=\"button.default\">\n\t\t\t\t<div class=\"elementor-widget-container\">\n\t\t\t\t\t\t\t\t\t<div class=\"elementor-button-wrapper\">\n\t\t\t\t\t<a class=\"elementor-button elementor-button-link elementor-size-sm\" href=\"https:\/\/drive.google.com\/file\/d\/0B0ohqhWTSmmIdjh2LTZUQndoc2M\/view\">\n\t\t\t\t\t\t<span class=\"elementor-button-content-wrapper\">\n\t\t\t\t\t\t\t\t\t<span class=\"elementor-button-text\">Download<\/span>\n\t\t\t\t\t<\/span>\n\t\t\t\t\t<\/a>\n\t\t\t\t<\/div>\n\t\t\t\t\t\t\t\t<\/div>\n\t\t\t\t<\/div>\n\t\t\t\t\t<\/div>\n\t\t<\/div>\n\t\t\t\t\t<\/div>\n\t\t<\/section>\n\t\t\t\t<\/div>\n\t\t","protected":false},"excerpt":{"rendered":"<p>CARVALHO, Glauber; ROSEVICS, Larissa (org.). Di\u00e1logos Internacionais: reflex\u00f5es cr\u00edticas do mundo contempor\u00e2neo. Rio<\/p>\n","protected":false},"author":1,"featured_media":0,"parent":0,"menu_order":0,"comment_status":"closed","ping_status":"closed","template":"","meta":{"footnotes":""},"class_list":["post-784","page","type-page","status-publish","hentry"],"_links":{"self":[{"href":"https:\/\/dialogosinternacionais.com.br\/index.php?rest_route=\/wp\/v2\/pages\/784","targetHints":{"allow":["GET"]}}],"collection":[{"href":"https:\/\/dialogosinternacionais.com.br\/index.php?rest_route=\/wp\/v2\/pages"}],"about":[{"href":"https:\/\/dialogosinternacionais.com.br\/index.php?rest_route=\/wp\/v2\/types\/page"}],"author":[{"embeddable":true,"href":"https:\/\/dialogosinternacionais.com.br\/index.php?rest_route=\/wp\/v2\/users\/1"}],"replies":[{"embeddable":true,"href":"https:\/\/dialogosinternacionais.com.br\/index.php?rest_route=%2Fwp%2Fv2%2Fcomments&post=784"}],"version-history":[{"count":51,"href":"https:\/\/dialogosinternacionais.com.br\/index.php?rest_route=\/wp\/v2\/pages\/784\/revisions"}],"predecessor-version":[{"id":2000,"href":"https:\/\/dialogosinternacionais.com.br\/index.php?rest_route=\/wp\/v2\/pages\/784\/revisions\/2000"}],"wp:attachment":[{"href":"https:\/\/dialogosinternacionais.com.br\/index.php?rest_route=%2Fwp%2Fv2%2Fmedia&parent=784"}],"curies":[{"name":"wp","href":"https:\/\/api.w.org\/{rel}","templated":true}]}}